8.
26
Calculate the greatest common factor of 6 and 1000843938.
6
Calculate the highest common divisor of 3800 and 2113864.
152
What is the highest common divisor of 92368297 and 7?
7
What is the greatest common factor of 4827 and 59230508?
1609
Calculate the greatest common factor of 2034 and 1122803256.
678
Calculate the highest common divisor of 3247556 and 11552.
1444
Calculate the highest common factor of 11842 and 6534522178.
11842
What is the greatest common divisor of 305208 and 1315032?
3768
What is the greatest common divisor of 15 and 104416815?
15
Calculate the highest common divisor of 2872 and 691755664.
2872
Calculate the highest common divisor of 83002540 and 30.
10
Calculate the highest common divisor of 890747 and 36608.
143
Calculate the greatest common divisor of 80179 and 495.
11
Calculate the highest common divisor of 2338 and 3183521.
167
Calculate the greatest common factor of 2 and 95846406.
2
Calculate the highest common factor of 65237552 and 16.
16
What is the highest common factor of 289839285 and 315?
45
Calculate the highest common divisor of 1459 and 272221679.
1459
What is the highest common factor of 71896 and 3668330?
1634
What is the highest common divisor of 362 and 14666068?
362
What is the highest common factor of 60590 and 50220350?
730
What is the highest common divisor of 5350 and 433451650?
5350
What is the greatest common divisor of 8419461 and 1184?
37
Calculate the greatest common divisor of 18836085 and 2295.
255
What is the highest common divisor of 5996013 and 623211?
2127
What is the highest common factor of 1316302536 and 24?
24
Calculate the greatest common factor of 4916878 and 25714.
86
What is the greatest common factor of 27037491 and 9594?
1599
Calculate the highest common factor of 41597350 and 31.
31
What is the highest common divisor of 3522283840 and 6080?
6080
What is the greatest common divisor of 1034568 and 504?
72
Calculate the greatest common divisor of 10606 and 7155115174.
10606
What is the highest common factor of 306 and 1702461294?
306
What is the highest common factor of 5764704 and 47256?
264
What is the greatest common factor of 1702 and 2282234?
74
Calculate the highest common factor of 316 and 54108.
4
What is the highest common factor of 11005018 and 67?
67
Calculate the highest common divisor of 16141711 and 1808.
113
Calculate the highest common factor of 82825692 and 12.
12
What is the highest common divisor of 2049231 and 8211?
1173
What is the greatest common factor of 81282469 and 1151?
1151
What is the highest common divisor of 35166475 and 20425?
1075
Calculate the greatest common factor of 2512 and 98376.
8
Calculate the greatest common factor of 182 and 2858804.
26
Calculate the greatest common divisor of 1261 and 616447.
13
Calculate the highest common factor of 89710730 and 5010.
1670
What is the greatest common factor of 72246330 and 4574?
4574
Calculate the highest common factor of 3309951 and 153.
51
Calculate the highest common divisor of 810794 and 119674.
106
Calculate the greatest common divisor of 3055752 and 456.
24
Calculate the highest common divisor of 9520 and 4196501680.
9520
Calculate the highest common divisor of 246026345 and 670.
335
Calculate the highest common factor of 11388 and 268421.
73
Calculate the highest common factor of 36 and 3116889.
9
What is the greatest common divisor of 270 and 9899370?
90
What is the greatest common divisor of 867 and 216354648?
867
Calculate the greatest common factor of 22359 and 248907.
87
Calculate the highest common factor of 352 and 214338016.
32
What is the greatest common divisor of 776 and 55052?
4
Calculate the highest common factor of 22 and 444853387.
11
Calculate the highest common divisor of 149276 and 8929824.
2228
Calculate the highest common divisor of 1918263 and 94163.
493
What is the highest common divisor of 177469 and 22145?
103
What is the greatest common factor of 64328 and 57061?
43
Calculate the highest common factor of 44404255 and 1666.
119
Calculate the highest common factor of 103845 and 1357.
23
Calculate the highest common divisor of 1000 and 6938.
2
What is the highest common factor of 408 and 2202639?
51
Calculate the highest common divisor of 1865268 and 4505812.
7676
Calculate the greatest common factor of 28671 and 3909.
3
What is the greatest common divisor of 41968 and 7867968?
688
What is the highest common divisor of 6904 and 6620073?
863
Calculate the greatest common divisor of 1218 and 4979646.
42
Calculate the greatest common divisor of 14087381 and 385.
77
Calculate the highest common factor of 21 and 1079903307.
21
What is the greatest common divisor of 37257 and 12628?
11
What is the greatest common factor of 1919810 and 7259?
17
What is the highest common divisor of 108129301 and 7?
7
Calculate the greatest common divisor of 2338 and 76326.
2
What is the greatest common divisor of 10251 and 9940053?
3417
Calculate the highest common divisor of 9139325 and 922.
461
Calculate the highest common divisor of 25199 and 1243.
113
What is the highest common divisor of 10767048 and 48?
24
What is the highest common factor of 9383627 and 803?
11
Calculate the greatest common divisor of 66576 and 4723248.
912
Calculate the highest common factor of 3536 and 485134.
26
What is the highest common factor of 37771264 and 1920?
128
What is the greatest common divisor of 39024 and 251487?
9
Calculate the highest common factor of 10405370 and 960.
10
What is the greatest common factor of 12 and 549040824?
12
What is the greatest common divisor of 18793532 and 20?
4
Calculate the greatest common factor of 2081226 and 294.
294
What is the greatest common divisor of 373455271 and 22855?
4571
Calculate the highest common factor of 728014 and 5742758.
2086
Calculate the highest common factor of 24 and 134315112.
24
Calculate the highest common factor of 121152922 and 88.
22
Calculate the greatest common divisor of 4686620 and 40.
20
Calculate the greatest common factor of 956 and 201517152.
956
What is the highest common factor of 47878 and 14282?
74
Calculate the highest common factor of 11108557 and 353.
353
Calculate the highest common factor of 34570 and 66730.
10
What is the highest common divisor of 180839056 and 32?
16
What is the highest common factor of 767591 and 189596?
341
What is the highest common factor of 10689 and 27699?
21
What is the highest common factor of 68255 and 48910?
365
What is the greatest common factor of 60 and 49502616?
12
What is the highest common divisor of 116424 and 80289?
99
Calculate the greatest common factor of 3501 and 2218467.
1167
Calculate the highest common factor of 285236 and 568764.
1708
What is the highest common factor of 848339 and 30629?
281
Calculate the highest common factor of 288 and 13560168.
24
What is the greatest common divisor of 144914 and 371?
7
Calculate the highest common divisor of 224 and 616084.
28
Calculate the highest common divisor of 51456 and 2996508.
804
Calculate the greatest common divisor of 2350055 and 1369.
37
Calculate the greatest common divisor of 1687936 and 2944.
128
What is the highest common divisor of 11 and 1543238400?
11
Calculate the highest common factor of 45288 and 23978664.
2664
What is the greatest common factor of 3462926 and 11454?
3818
What is the highest common factor of 3124 and 12184381?
781
Calculate the greatest common divisor of 416220 and 232484.
28
Calculate the highest common factor of 244426 and 61778.
2686
What is the highest common divisor of 18213942 and 1266?
1266
Calculate the greatest common divisor of 1215644 and 3048.
508
What is the greatest common factor of 72516798 and 306?
306
What is the greatest common factor of 1619867648 and 7?
7
Calculate the highest common divisor of 431695 and 27665.
55
Calculate the greatest common divisor of 78045 and 14229600.
1815
Calculate the highest common divisor of 67661828 and 3.
1
What is the highest common divisor of 50836 and 8950?
358
What is the highest common factor of 23384178 and 908?
454
What is the greatest common factor of 5544468 and 241926?
3966
Calculate the greatest common factor of 348 and 96802.
58
Calculate the highest common factor of 2739 and 2454891.
249
Calculate the highest common factor of 827614446